9 = 4*c. What are the prime factors of c?
5, 617
What are the prime factors of ((-1062)/(-36))/((-58)/(-28) - 2)?
7, 59
Let d(u) = -u**3 - 4*u**2 - 65*u - 23. What are the prime factors of d(-12)?
23, 83
Let g(t) = -2*t**2 - 27*t - 8. Let m be g(-13). Suppose 0*o = -2*o + m*z + 136, 2*o + 4*z - 154 = 0. What are the prime factors of o?
73
Let m(h) be the first derivative of h**3/3 - 5*h**2 + 18*h + 4. Let i be m(8). Suppose 0 = -2*c + 2*q + 34, 5*c - i*q + q = 85. List the prime factors of c.
17
Suppose 76 + 113 = -3*f. Let o be 9/f - (-2)/14. List the prime factors of (20 - -6) + (o - -3).
29
Let i(m) = m**2 + 2*m - 6. Let k be i(-5). What are the prime factors of 4/(-18) + 461/k?
3, 17
Suppose -3*o - 157 = -5*h, -7*o = -9*o + 2. What are the prime factors of h?
2
Suppose 2*c - 5381 = -p - 2034, -5*c - 13440 = -4*p. List the prime factors of p.
5, 11, 61
Suppose -3*w + 4*w = 30. Let f be 58/12 - (-5)/w. Suppose 0 = i + f*h - 64, i = h - 2*h + 64. List the prime factors of i.
2
Let i = 2 + 0. Suppose 5*b + 10 = 0, -8*b + 5*b + 42 = 4*f. Suppose 3*d + d = -q + 15, -i*q = -d - f. What are the prime factors of q?
7
Let v be -51141 - (3 - (6 + -4)). Let b be (-6)/21 - v/(-49). List the prime factors of b/(-30) + 1/5.
5, 7
Suppose 5*g - 7 = z, g - 13 = -4*z + 1. Suppose -2*v = -v + o + 2, 4*v - z*o = 6. Suppose v*w - 100 = -4*w. List the prime factors of w.
5
Let i = 164 + -29. Suppose -15*b = -20*b + i. List the prime factors of b.
3
Let u be (30/(-35))/(1/7). Let m be 110/12 - (-3)/(-18). Let g = m + u. What are the prime factors of g?
3
Let n be (0/(0 - -1))/3. Suppose -3*f = -n*f - 630. List the prime factors of f.
2, 3, 5, 7
Let w be ((-20)/(-12))/((-5)/(-18)). Suppose 0 = w*v - v - 330. List the prime factors of v.
2, 3, 11
Let c(v) = -2582*v + 3. What are the prime factors of c(-1)?
5, 11, 47
Suppose -4*x + 7*x = -5*q - 42, 2*q + x = -16. Let m be ((-10)/20)/(1/q). Suppose -m*c - 51 + 2 = -5*j, 5*j - c = 43. List the prime factors of j.
2
Suppose 7*a - 11*a - 24 = 0. List the prime factors of (-2634)/(-33) + a/(-33).
2, 5
Suppose 455*r - 461*r + 144 = 0. What are the prime factors of r?
2, 3
Let l = -8 + 5. What are the prime factors of (1 - 4 - l) + 70?
2, 5, 7
List the prime factors of 1 + (0 - 4) - 20121/(-57).
2, 5, 7
Let p be (1/(-3))/(5/(-1935)). Suppose -144 = -3*t - t. Suppose -2*d - 2*k = -62, 3*d + t = -4*k + p. What are the prime factors of d?
31
Let n(l) = 4*l. Let o(q) = 12*q + 2. Let c(r) = 14*n(r) - 4*o(r). List the prime factors of c(3).
2
Let s(i) be the first derivative of i**5/60 - 13*i**4/24 + 3*i**3/2 - 2*i**2 - 2. Let d(m) be the second derivative of s(m). List the prime factors of d(14).
23
Let v(b) = -37*b + 6. List the prime factors of v(-4).
2, 7, 11
Suppose -21 = 2*i - 25. Suppose 5*p - 108 = i*p. Suppose p - 11 = 5*k. List the prime factors of k.
5
Let y = -17 - -19. List the prime factors of 91*y/(-3*4/(-6)).
7, 13
Let w(q) = 3*q**2 + 4*q - 1. Let s(m) = 2*m - 20. Let j be s(9). Let i be w(j). What are the prime factors of (i + (-33)/6)*-14?
5, 7
Suppose 3*i - 15 = 0, 0*i = 2*f + i - 7. Suppose -v + f = 3. What are the prime factors of ((-144)/(-45))/(v/(-15))?
2, 3
Suppose -4*l = -34 - 2. Suppose 112 - 4 = l*i. List the prime factors of i.
2, 3
Suppose -286746 = -90*d + 59574. List the prime factors of d.
2, 13, 37
Let u(z) = -z**2 + 3*z - 3. Let y be u(2). Let v be ((-9)/(-12))/(y/(-20)). List the prime factors of (v/(-20))/((-1)/28).
3, 7
Suppose r - 5*d - 4 = -2, 4 = 2*r + 2*d. Suppose u - 3*k - 191 = 46, -r*u = -3*k - 489. List the prime factors of u/49*21/2.
2, 3
Let f = -382 + 224. Let r = -103 - f. Let b = r - 22. What are the prime factors of b?
3, 11
Suppose 3*x - x = 6. Suppose -60*z = -62*z + 4. List the prime factors of (x - 4/z) + 21.
2, 11
Let w = 16 + -14. Suppose -w*r + 35 = -5*p, -5*r + 32 + 103 = -3*p. Suppose 5*k + 5*d - 67 = 8, -2*k + r = d. List the prime factors of k.
3, 5
Let h(a) = 6475*a**3 - a**2 + a - 1. Let y be h(1). What are the prime factors of (3*(-4)/(-18))/(52/y)?
83
Suppose -m = 4*h - 2618, -95*m = -h - 92*m + 661. List the prime factors of h.
5, 131
Let n(c) = -c**3 + 5*c**2 + 2*c - 21. Let o be n(4). Suppose t + 274 = o*t - 3*g, -401 = -3*t + 2*g. What are the prime factors of t?
131
Let k(o) = 3 + 43*o**2 - 41*o**2 - 14*o - 7 - o. List the prime factors of k(11).
73
Suppose -10*v = -9*v + 60. Let h be (-10)/(-3)*v/(-50). Let j = h + 41. List the prime factors of j.
3, 5
Suppose 3*v + 18 = 3, 5*j = 5*v. List the prime factors of j*((-201)/39 - 4/(-26)).
5
Suppose -8*p = -12*p + 100. Suppose b = 3*b + 3*f + p, 0 = 4*f + 20. Let c = 20 + b. What are the prime factors of c?
3, 5
Suppose 3*d = -1 + 7. Suppose 4*p - d - 122 = 0. What are the prime factors of p?
31
Let f = -9 - -70. Let j = 108 - f. List the prime factors of j.
47
Let p(q) = 2*q**2 + 60*q + 27. What are the prime factors of p(-51)?
3, 241
Suppose -3 = -3*k - 0*k. Let w be 1/(k/16) - 2. Let i(y) = -y**3 + 14*y**2 + 4*y - 6. List the prime factors of i(w).
2, 5
What are the prime factors of (2 - -3*1) + -187 + 3829?
7, 521
Let c = 2345 - 1580. What are the prime factors of c?
3, 5, 17
Let h be 4/(-6)*(-138)/4. Let g be (-4)/(-18) - 1281/(-189). Let t = g + h. List the prime factors of t.
2, 3, 5
Suppose -r + 5*k = 4*k - 404, 2*k + 2005 = 5*r. Suppose 2*g = v + 187, g + 3*v - r = -3*g. List the prime factors of g.
2, 3
Let s = -28 - -33. List the prime factors of 69*1/s*5.
3, 23
Let i(g) = -61*g - 41. List the prime factors of i(-7).
2, 193
Let h = 3 - 12. Let r = 4 - 4. Let y = r - h. List the prime factors of y.
3
Suppose 226 = -4*r - 2*n + 662, 3*n = 12. What are the prime factors of r?
107
Let u(t) be the second derivative of 0 - 7/6*t**3 + 0*t**2 + t**4 - 1/20*t**5 + 2*t. What are the prime factors of u(11)?
2, 11
Suppose 0*f - 87 = -3*f. Let k be ((-128)/(-40))/(2/(-10)). Let g = k + f. List the prime factors of g.
13
Suppose 4*r - 30 - 66 = 0. Let m be 8/r - (-448)/6. Suppose 41 = 4*u - m. List the prime factors of u.
29
List the prime factors of (-3)/(-24) + 51497/184.
2, 5, 7
Suppose 0 = -4*d + 3*d + 161. Let t = 82 + d. List the prime factors of t.
3
Let i = 1533 - 1083. List the prime factors of i.
2, 3, 5
Suppose -6*w = -171 + 93. List the prime factors of w.
13
Let j be (-2)/((2 - 4) + 3). Let r be (-2 + (-87)/(-6))*j. Let m = 3 - r. List the prime factors of m.
2, 7
Let o(z) = -6*z + 1. Let q be o(-3). Let d = q - 30. Let i = 20 - d. List the prime factors of i.
31
Let y(w) = -4*w + 222. List the prime factors of y(-25).
2, 7, 23
Let i = 33 - 29. Suppose -l + 2*b = -2 - 2, 0 = -3*l + 3*b + 3. What are the prime factors of i - (-34)/(l/(-1))?
3, 7
Suppose 13*s - 12*s = 3*y - 17632, -3*y + 2*s = -17636. What are the prime factors of y?
2, 13, 113
Let g = -37 - -39. Suppose g*b = 13 + 143. List the prime factors of b.
2, 3, 13
List the prime factors of -6*(-51161)/528 - 6/16.
7, 83
Let r(k) = 10*k**2 - 2*k + 2. Let y be r(1). What are the prime factors of y*2*(-78)/(-65)?
2, 3
Suppose -n + 18 = -6. Suppose 0 = -y - 3*c + 6 + 17, 0 = 2*y + 2*c - 50. Suppose -y*s = -n*s - 44. What are the prime factors of s?
2, 11
Let x = 150 + 744. What are the prime factors of x?
2, 3, 149
Let v(c) = c**3 - 3*c**2 - c - 9. Let g be v(4). Suppose 4*s - 4*l = 31 + 673, g*s - 4*l = 530. What are the prime factors of s?
2, 3, 29
Let y = 654 - -142. List the prime factors of y.
2, 199
Suppose 2*r = 3*d + r + 88, 4*d + 5*r = -111. Let a = d - -48. Let t = a - 11. What are the prime factors of t?
2
Let g be 4/6 + (-935)/(-51) + -4. Suppose 249 = 3*f + g. What are the prime factors of f?
2, 3, 13
Suppose 6*z + 8965 = 25171. Suppose -6*g - 781 = -z. List the prime factors of g.
2, 5
Let v(t) = -t**2 + 10*t - 16. Let z be v(7). Let u = z - 11. Let r(g) = -g**3 - 7*g**2 - 8*g - 2. List the prime factors of r(u).
2, 5
Suppose 24*h = 23*h + 483. List the prime factors of h.
3, 7, 23
Suppose -2*r = 2*f - 2538, -4*f + 2*r - 5068 = -8*f. What are the prime factors of f?
5, 11, 23
List the prime factors of (2/3)/((-9)/26622*-4).
17, 29
Let o(m) be the second derivative of 7*m**2 - 10*m + 0 + 8/3*m**3 + 1/6*m**4. List the prime factors of o(-11).
2, 5
Suppose -6*l = -11395 - 19385. List the prime factors of l.
2, 3, 5, 19
Suppose 6*c = 